0, 2*s - x = -3*s - a. What is the hundreds digit of s?
5
Let b(s) be the third derivative of s**6/120 - s**5/60 + 5*s**4/24 + s**3/2 - 14*s**2. Let l be b(4). Let k = l - 41. What is the units digit of k?
0
Let c(r) = -r**3 - 22*r**2 - 11*r + 51. Let q(o) = -26*o - 309. Let b be q(-11). What is the hundreds digit of c(b)?
8
Suppose 0 = 3*d + 3*z - 22 + 301, -4*d - 3*z - 375 = 0. Let r = 100 + d. Suppose 898 = r*b + 98. What is the hundreds digit of b?
2
What is the units digit of 69674 + -81 + (0 - -1)*(5 + -1)?
7
Let t(k) = -2*k + 1. Let x be t(-1). Let b be -3*(-119)/(-63) + (-1)/x. What is the units digit of (98/28)/((-1)/b)?
1
Let g = -50568 + 73819. What is the thousands digit of g?
3
Let l = -449 - -976. Suppose c = v - l, -529 = -0*v - v + 3*c. What is the hundreds digit of v?
5
Suppose -5*s + 6 = 4*m, m - 5*s + 0*s = 14. Suppose 4*v + 200 = -m*c, -c - 84 = 2*v - 35. Let o = 11 - c. What is the units digit of o?
2
Let j(v) = 6*v**2 - 49*v + 34. Let a be j(-23). Suppose -a = -6*y - 903. What is the units digit of y?
2
Let w be (-180)/5*(-15)/(-6). Let a = w + 92. What is the units digit of (1 + 572/(-8))*a/(-3)?
7
Let c(s) be the first derivative of -15*s**2/2 - 44*s + 10. Let l be c(-14). Let x = l - 115. What is the tens digit of x?
5
Suppose 3*m - 3052 = -4*i, 4*i + 4*m - 2289 = i. Let u = i - 371. What is the hundreds digit of u?
3
Let v(n) = -19*n - 72. Let d be v(-4). Suppose -182 = -d*q + 1290. What is the units digit of q?
8
Let r(l) = l + 2. Let c be r(4). Suppose -14*f = -115 + 87. Suppose f*j - c = 54. What is the tens digit of j?
3
What is the hundreds digit of (-4)/(16/(-76506)) + 129/(-258)?
1
Let h(n) = n**3 + 3*n**2 + 5*n + 6568. What is the thousands digit of h(0)?
6
Let f(m) = 4393*m**2 + 93*m + 376. What is the thousands digit of f(-4)?
0
Suppose -4*d + 4*r = -1416, 0 = -2*d - r + 1084 - 361. Suppose -p + d = 2*j, 356 = p + 2*j + j. What is the hundreds digit of p?
3
Let m(f) = f**3 + 8*f**2 + 16. Suppose -5*o - 5*l - 35 = 0, -4*o - 3*l - 28 + 2 = 0. What is the units digit of m(o)?
1
Suppose i - 2*i = -4. Suppose 2*c = 8, 5*d - 4*c = -6*c + 648. Suppose -r - r + 4*a = -70, i*r - 4*a - d = 0. What is the units digit of r?
9
Suppose 24*q = 20*q + 4*u + 1488, 4*q = 5*u + 1492. Suppose 4*p + 186 = 706. Suppose -2*d = 3*r - q, -3*r - 3*d + p + 236 = 0. What is the tens digit of r?
2
Suppose 68*p - 60*p - 64 = 0. Suppose -4*w - 4*j + 2604 = -p*j, 1941 = 3*w + 3*j. What is the units digit of w?
9
Let x = 459 - 266. Suppose 2*j + x = 509. Suppose -5*g + j = -12. What is the units digit of g?
4
Suppose 11*b + 15 = 16*b. Suppose -4*g + 2*o = -2*g + 66, -g - 31 = -b*o. Let v = 61 + g. What is the tens digit of v?
2
Let l = 68 - 63. Suppose -4*n + 0*n = 3*t - 425, -t = l*n - 545. What is the tens digit of n?
1
Suppose 2*q - 95 = -5*w + 7*q, -2*w + 22 = 2*q. Suppose 0 = -5*y + 2*f - 6, 6*f - w = -5*y + f. Suppose 0*h + 6*h - 276 = y. What is the tens digit of h?
4
Suppose -149*b = -8*b - 163701. What is the hundreds digit of b?
1
Let m = 141 - 126. Let j = m + -14. Let u(f) = 11*f**3 + 2*f**2 - 4*f + 1. What is the units digit of u(j)?
0
Let i(k) = 121*k**3 + 12*k**2 + 18*k - 45. What is the thousands digit of i(6)?
6
Let o(i) = i**2 + 6*i - 76. Let n be o(-30). Suppose n = 7*b - 1225. What is the units digit of b?
7
Let q = -39819 - -68949. What is the tens digit of q?
3
Let r = 11066 - 4055. What is the thousands digit of r?
7
Suppose 75*d - 50 = 25*d. What is the units digit of (-12337)/(-13) + 1 + -5 + d?
6
Suppose -43*u - 14710 = -48*u. Suppose 8378 - u = 6*m. What is the tens digit of m?
0
Suppose 4*c + 16 = 8*c. What is the units digit of (0 - (-36)/15)/(c/340)?
4
Suppose h - g - 2 = 6, 3*g = h - 10. Let i be 4/12 + 14020/15. Suppose -h*v - 4*v + i = 0. What is the tens digit of v?
8
Let i(z) = 2*z**2 + 3*z - 4. Let n be i(-3). Suppose 0 = -v - 4*a + 25, 7*a + n = 5*v + 3*a. Suppose -5*t = v - 25. What is the units digit of t?
4
Suppose -18 = -7*f - 4. Suppose 4*b = f*i - 4782, 3668 - 99 = -3*b + 5*i. What is the tens digit of 21/49 + b/(-14)?
8
Let z(b) = 2*b**2 - 4*b - 2. Let c(x) = -4*x**2 + 7*x + 4. Let q(l) = -3*c(l) - 5*z(l). What is the tens digit of q(5)?
4
Suppose -118220 = -4*p + 4*d, 5*p = 177*d - 175*d + 147763. What is the hundreds digit of p?
5
Suppose 0*o = 3*o + 4*f - 11, -f + 14 = 3*o. Suppose -106 = -o*i + d + 15, 5*d = 20. What is the units digit of i?
5
Suppose 0 = 3*o + 6, -6*o = -2*m - o + 24670. What is the thousands digit of m?
2
Let j = 2043 - -6602. What is the thousands digit of j?
8
Let l = 771 - -5258. What is the hundreds digit of l?
0
Let i be (17 - 18)/(1/31). Let h(u) = -4*u - 115. What is the units digit of h(i)?
9
Let s = 17986 + -3962. What is the thousands digit of s?
4
Suppose i = -p + 7569, 63857 = 7*i + 5*p + 10884. What is the tens digit of i?
6
Let w(d) = -103*d - 24. Let j(m) = 103*m + 23. Let n(t) = -2*j(t) - 3*w(t). What is the units digit of n(3)?
5
Suppose 2*s - 3340 = 2*g + 30622, 5*g = -10*s + 169840. What is the thousands digit of s?
6
Let q(c) = 229*c**3 - 35*c**2 + 194*c - 8. What is the units digit of q(6)?
0
Suppose 7*g + 27 + 8 = 0. Let p(v) = 24*v**2 + 3*v + 16. Let d be p(g). Suppose -2*m + d = m - 2*c, -1003 = -5*m + 2*c. What is the hundreds digit of m?
2
Suppose 2*n - 10 = -3*n - 5*j, 0 = 2*n + 5*j + 8. Suppose -n*g = -65 - 25. Suppose g - 310 = -5*z. What is the units digit of z?
9
Let a = -2196 + 2221. Let d be 10*1/(-2)*-1. Suppose 3 = l - 2*t - 1, d*t + a = 4*l. What is the units digit of l?
0
Suppose j - 13 = 78. Suppose -3*d + 3*i - 28 = 2*i, -3*i = -d - 12. Let m = d + j. What is the units digit of m?
2
Let a = -7 + 7. Let q be (-3 + 5 + a)/(-2). What is the tens digit of 1 + q + (23 - -1) + 2?
2
Suppose 0*y - 3*y + 4101 = 0. Let r = y - 861. Suppose -2*i = -7*i - 5*m + 625, r = 4*i + m. What is the units digit of i?
7
Suppose 0 = 40*o - 15*o + 18*o - 451973. What is the hundreds digit of o?
5
Let v(c) = -58 + 0*c**2 + 68*c + 0*c**2 - 74*c + c**2. What is the tens digit of v(-7)?
3
Let a = -5884 - -8520. Let u = 1872 - a. What is the tens digit of (-3)/4 - u/16?
4
Suppose -4*y - 8 = -t, 0*y + 4 = -2*y. Suppose a - 5*a + 501 = 5*i, 3*a + 3 = t. What is the hundreds digit of i?
1
Let p(x) = -x**2 - 2*x + 22. Let j be p(4). Let c be j + 90/8 - (-60)/80. Suppose c*r - 858 = -3*r. What is the tens digit of r?
6
Let g(m) = -m**3 + 9*m**2 + 14*m - 5. Suppose q - 3*q = 3*k - 6, 0 = 3*q + 2*k - 19. Let j be g(q). Suppose 164 = 5*r - j. What is the units digit of r?
7
Suppose -7*a = -2*a - 380. Let g(u) = -u**2 + 4*u + 16. Let o be g(-5). Let l = a + o. What is the units digit of l?
7
Suppose 317*m - 312*m - 29340 = 0. Suppose -12*o = -0*o - m. What is the units digit of o?
9
Let v = 96 + -94. Suppose -4*c + 1562 = -v*u, u - 3*u = 2*c - 784. What is the hundreds digit of c?
3
Suppose 0 = i - 4*v - 22673, 2*i - v + 5491 = 50781. What is the thousands digit of i?
2
Suppose -4*v = 16, 2*j + v + 0 + 6 = 0. Let w be -2 + 8 + -3 - (j - 1). Suppose -l - 4*d = -w*l + 64, 0 = 4*l - 5*d - 59. What is the tens digit of l?
2
Suppose -27*n + 755100 = 532810 - 1192888. What is the units digit of n?
4
Let f be (198/24)/11 + (-122)/(-8). Suppose 3*d - 3*q = 51, 0 = -q + 4*q + 6. Suppose -19*h = -d*h - f. What is the units digit of h?
4
Let s(u) = 72*u + 36. Let n(z) = 2*z**2 + 7*z + 10. Let g be n(-2). What is the hundreds digit of s(g)?
3
Let k(j) = -7*j + 43. Let h be k(6). Suppose -h = -w + 3*c + 1, 26 = 5*w + c. Suppose -3*s + 59 = s + 3*z, 3*z - 76 = -w*s. What is the tens digit of s?
1
Suppose -341*k - 739421 = -10*o - 338*k, 0 = -5*k + 15. What is the units digit of o?
3
Let z = -37 - -22. Suppose -2*r = 10, -o + 145 = -r + 51. Let x = z + o. What is the units digit of x?
4
Let t(q) = 275*q - 1924. What is the ten thousands digit of t(65)?
1
Suppose 0 = -2*v + 7*v - 25. Suppose -d + 3*d = v*n + 13, 3*d - 3*n - 15 = 0. Suppose 3*x - x + 145 = 3*j, -d*j + 5*x = -184. What is the tens digit of j?
5
Suppose s = 0, 2*o - 4*s = -3*s + 2754. Let c = o + -913. What is the hundreds digit of c?
4
Let p(s) = -8*s**3 - 5*s**2 + 3*s + 4. Let f be p(-4). Suppose 3*t = 4*l - 31 - 517, -3*l - t + f = 0. Suppose -20 - l = -5*d. What is the units digit of d?
2
Suppose 111*u = 17*u + 30994